 divisor of 216 and c?
24
Let l = 318 + -290. Suppose l*t - 4536 = -0*t. What is the greatest common divisor of t and 81?
81
Let q be -1*1 - 2/2*-13. Suppose 2*o = -0*o + q. Let b be 3 - 6/(-9) - (-2)/o. What is the greatest common factor of 2 and b?
2
Let c = 976 - 955. Let o be (56/(-12))/(4/(-342)). What is the greatest common factor of o and c?
21
Let s(k) = 7*k**2 - 2*k - 6. Let m be s(-2). Suppose m*h - 414 = 28. What is the highest common divisor of h and 1139?
17
Suppose 0*g + 3*h + 133 = 5*g, 4*g - 107 = 3*h. Suppose -1989 = 1218*y - 1269*y. Calculate the greatest common factor of g and y.
13
Let x(w) = -w**2 + 14*w - 46. Let g be x(7). Suppose 4*i + g = 4*h - 61, 7 = 2*h + 3*i. What is the highest common factor of 473 and h?
11
Let d be 3436/1 + (387 - 400). What is the highest common factor of 84 and d?
21
Suppose -4*v - 198*v + 636502 = 0. Calculate the greatest common factor of 46 and v.
23
Let t(d) = -179*d + 1. Let z be t(3). Let v be z/16*(3 + -1). Let r = -25 - v. Calculate the highest common divisor of r and 21.
21
Suppose 5*v - 4 - 6 = 0. Let b = -833 - -838. Suppose v*g - w - 20 = -4*w, -2*w = b*g - 50. What is the greatest common divisor of g and 25?
5
Let p = 6038 + -6025. Calculate the greatest common divisor of 4 and p.
1
Suppose -31*w + 33*w = 40. Suppose 0 = -5*o - 15 + w. Let s be (-13 - -12)*-1*o. What is the greatest common divisor of 2 and s?
1
Let s = 37 - -1. Let b(n) = n**3 - 3*n**2 - 6*n. Let c be b(5). Let z be 4101/12 + 5/c. What is the highest common divisor of z and s?
38
Let k be 2*2954*((-1417)/(-52) - 27). What is the highest common divisor of k and 1055?
211
Let q = -66 - -69. Suppose k + 0 - q = 0. Suppose 7*b = k*b + 320. What is the highest common factor of b and 8?
8
Suppose -13*c - 9673 - 2057 = -98*c. What is the greatest common factor of 18 and c?
6
Suppose s + 4*i + 59 = 0, 69*s = 65*s - 5*i - 225. Let v be (1130/(-44) + (-10)/s)*-62. Calculate the greatest common factor of v and 51.
51
Suppose 100*l - 1368 = 43*l. What is the greatest common factor of l and 14592?
24
Suppose q - 4*h = 26, 0*h - 38 = -3*q + 2*h. Let u be 13 - ((-45)/(-75) - (-4)/q). What is the highest common factor of 18 and u?
6
Let f(d) = d**3 + 15*d**2 - d - 1. Let s be f(-16). Let m = 285 + s. Calculate the highest common factor of 484 and m.
44
Let v = -2935 + 6560. Calculate the greatest common factor of v and 29.
29
Let h be -2 - ((-1)/(-4) - (-45)/(-36)). Let c be h*(-1 + 2*(-2 - 17)). Calculate the greatest common factor of 351 and c.
39
Let p = -11 - 0. Let o be 42/(110/(-40)*6/p). Calculate the greatest common factor of 8 and o.
4
Let j(a) = -a**3 - 5*a**2 - 6*a - 3. Let k be j(-4). Suppose -19*q + 82*q - 51 = 264. Calculate the highest common divisor of k and q.
5
Suppose 123 = 16*n - 37. Let k be ((-8)/(-10))/((-1)/(-5)). Suppose k*t = 2 + n. Calculate the greatest common factor of 6 and t.
3
Let o = -121 + 124. Suppose 5*g + 331 = o*b, -5*g - 31 = -b + 76. Calculate the highest common factor of 64 and b.
16
Let g be -4 - -1 - (8 - -61). Let n be ((-72)/14)/(-3) + g/(-252). Suppose -n*d + 2 = -2*c, 2*d + 3 = 5*c + d. What is the greatest common factor of c and 1?
1
Suppose l = -3*l + 16. Let p(z) = z**2 - 14*z + 42. Let t be p(l). Calculate the highest common divisor of t and 6.
2
Let c(p) = 3*p**3 - 36*p**2 - 9*p + 20. Let w be c(14). Let m = w + -194. What is the highest common factor of 12 and m?
12
Let z be (50/8 - 7)/((-3)/12) + 288. Calculate the greatest common divisor of z and 485.
97
Suppose 45*d - 43294 - 18780 = -17929. Calculate the highest common divisor of 545 and d.
109
Let a be 81 - -1 - (-1)/(-1). Let i be -1 + 62 + (15 - (-252)/(-18)). Let b = a + i. Calculate the greatest common divisor of 11 and b.
11
Suppose 102*y - 2730 = -7*y + 18198. Let j be 7/2*(0 - -16). Suppose 2*h = -3*h - 3*o + 57, 4*o = -5*h + j. Calculate the greatest common divisor of y and h.
12
Let f(b) = 204*b - 5422. Let t be f(28). Calculate the greatest common divisor of t and 65.
5
Let z = -107 + 201. Let g = z - -115. Suppose 3*d = -2*p + 125, 3*d - 4*p + g = 8*d. Calculate the greatest common factor of 205 and d.
41
Let m(u) = -2*u**2 - 8*u + 14. Let h be m(0). What is the highest common factor of 469 and h?
7
Let w(l) = l + 16. Suppose 0 = 6*i - 116 + 44. Let j be (6/i)/(3*(-3)/(-90)). Let f be w(j). What is the highest common factor of 49 and f?
7
Let u(w) = 51*w + 622. Let b be u(-12). What is the greatest common factor of 4010 and b?
10
Suppose 27 + 13 = -4*x. Let c be 35*((-34)/x + -2) - 0. Suppose d - 4*t + 1078 = 3*d, 4*d = -t + 2156. What is the highest common factor of d and c?
49
Let d = -9 - -13. Suppose -y - 4*y - 3*n + 32 = 0, y - d*n + 12 = 0. Suppose -36177 = -23*g - 35809. What is the highest common divisor of g and y?
4
Suppose -t - 153 = -3*i + 2*t, -5*i = -t - 247. Let u = -788 + 802. What is the highest common divisor of u and i?
7
Let c be (-4)/12*(11 + -5). Let r be (1 - c)*(-98)/(-21). Let o = 101 + -80. Calculate the greatest common divisor of r and o.
7
Let x be (-2)/(-5) - (-3)/5. Let v be 19 - (-26972)/(-242) - 6/11. Let c be (v/(-1) - 2)*x. Calculate the greatest common divisor of c and 14.
7
Suppose -5*r = -45, 12557 = 3*x + 5*r - 30322. What is the greatest common divisor of x and 55?
11
Let c be 10/(-25) + 44/10. Suppose 4*b - 3*n + 784 = -250, -5*b = 3*n + 1306. Let y = 320 + b. Calculate the highest common divisor of c and y.
4
Suppose -12*i + 55*i = -13866 + 66842. What is the highest common factor of i and 1694?
154
Let x be 3/(9/(-24)) + 111219/283. Let n = -42 - -77. Calculate the highest common divisor of x and n.
35
Suppose -54*t - 8 = -56*t. Suppose -8 = -5*k + k, 67 = 3*h - t*k. Let o be h/(-10) - 102/(-4). Calculate the greatest common factor of o and 161.
23
Let i(f) = -2*f - 23. Let o be i(13). Let v = o - -115. Let w = 556 + -550. What is the greatest common factor of v and w?
6
Suppose 185*u = 65*u + 6240. Calculate the greatest common factor of 4342 and u.
26
Let w = 16140 - 12397. What is the highest common factor of 38 and w?
19
Let v be (-24)/6 - 1662 - (-4)/2. Let o = -865 - v. What is the highest common divisor of 47 and o?
47
Let g(i) = i**3 + 5*i**2 - 2*i + 6. Suppose 35 = 2*c - 7. Let z = -26 + c. Let y be g(z). What is the greatest common factor of y and 144?
16
Suppose 5*a - t = 2521, 18*t - 15*t = 2*a - 1011. What is the highest common factor of a and 90?
18
Suppose 0 = 65*b - 81*b + 608. Calculate the highest common factor of 8 and b.
2
Suppose -26*w = -6158 - 3930. Let g = w + -384. Calculate the highest common factor of 2 and g.
2
Let w(z) = 3*z**3 - 9*z**2 - 5*z + 4. Let o be w(4). Calculate the greatest common divisor of o and 72.
8
Suppose -23*z + 74 = 14*z. Let u be 16/(-12)*(-9)/2. Let l(g) = -g + 8. Let y be l(u). Calculate the highest common divisor of y and z.
2
Suppose 11*g - 5*q - 85 = 6*g, 0 = 5*g - 2*q - 79. Suppose -3*i + g = 0, 3*i = -4*z + 5*i + 3606. Calculate the greatest common factor of 8 and z.
8
Suppose 0 = -5*d + 142 + 18. Let w = -12 + d. What is the highest common factor of w and 140?
20
Suppose -116*z - 3046 = -2*d - 115*z, 5*d = -2*z + 7642. What is the highest common factor of d and 70?
14
Let d = 30549 + -30532. Calculate the highest common factor of d and 24259.
17
Let i(r) = -r**3 - 16*r**2 - 16*r + 11. Let v be i(-15). Suppose 2*m - 5*m = -117. Calculate the highest common factor of m and v.
13
Suppose 9*i - 19 - 17 = 0. Suppose i*k + 350 = 358. Calculate the highest common factor of k and 1.
1
Let m(b) = 5*b - 8. Let d(l) = 9*l - 17. Let w(j) = 4*d(j) - 9*m(j). Let o be w(0). Calculate the greatest common divisor of 8 and o.
4
Let a = -37 + 38. Let l be (-260)/(-78)*((1 - -1) + a). What is the greatest common factor of l and 25?
5
Let a(h) = -837*h - 2469. Let l be a(-3). Calculate the greatest common factor of l and 2478.
42
Suppose -8*h = 760 + 1752. Let y = -236 - h. Calculate the highest common factor of 26 and y.
26
Suppose -8*r = 3*o - 5*r - 5538, -o - 14*r = -1742. Calculate the highest common divisor of o and 54.
18
Suppose 12*c = 7*c + 13560. Calculate the greatest common factor of c and 8.
8
Let o(n) = -n**3 + 16*n**2 - 40*n + 69. Let h be o(12). What is the greatest common factor of h and 264?
33
Let a = -2396 + 245